
39
Let r(h) = -18*h**3 + 3*h**2 - 17*h - 8. Calculate the remainder when r(-5) is divided by 65.
62
Let a(m) = -m**3 + 11*m**2 - 17*m - 34. Calculate the remainder when 84 is divided by a(8).
18
Suppose -59 = -3*i + 5*p, 0*i - 95 = -5*i + 5*p. What is the remainder when ((3 - (-4 - -6)) + 0)*29 is divided by i?
11
Suppose 43*d = 42*d + 44. What is the remainder when d is divided by 16?
12
Let z(s) = 6*s**2 + 3*s + 1. Let n be z(-2). Suppose -15*k + n*k = 80. Calculate the remainder when 37 is divided by k.
17
Suppose 259 + 2 = i. Calculate the remainder when i is divided by 71.
48
Let m(s) = 30*s**2 + 24 - 28*s**2 + 2*s - 2*s. Let b be m(0). Let w = 38 - b. Calculate the remainder when 25 is divided by w.
11
Let o be -4 + (3/3 + -1 - 15). Let f = o - -31. Calculate the remainder when 35 is divided by f.
11
Let t = -86 + 129. Let i(z) = 3*z**2 + 65*z + 118. Calculate the remainder when t is divided by i(-20).
7
Let t be (-18)/(-36) + 94/4. Suppose -7*i = -i - t. Suppose 7 = 3*u - 2*u. What is the remainder when u is divided by i?
3
Calculate the remainder when 1906/17 + -7 + (-117)/(-17) is divided by 13.
8
Suppose 4*k - 7 = 9. Calculate the remainder when 4 + -2 + 7 + (1 - k) is divided by 4.
2
Let q(m) = -m**3 + 4*m**2 + 5*m + 3. Let v be q(5). Suppose -42 = -v*h - 0*h. Let d = 4 - -22. Calculate the remainder when d is divided by h.
12
Let g(l) = -l**2 + 35*l - 10. What is the remainder when g(33) is divided by 15?
11
Let f = -34 + 66. What is the remainder when 9460/75 - 26/195 is divided by f?
30
Suppose 4*a = j + 100, 0 = -12*j + 9*j. What is the remainder when 68 is divided by a?
18
Let l(d) = d**2 - 16*d + 43. Calculate the remainder when l(15) is divided by 8.
4
Let g = -226 - -264. Calculate the remainder when g is divided by -18*((-30)/9)/5.
2
Let b be (2*-3)/(9/(-6)). What is the remainder when 48 is divided by (-13 - 0)/((-6)/(48/b))?
22
Suppose 5*p + 62 = -13. Let n = -3 + p. Calculate the remainder when 81 is divided by (-42)/8*48/n.
11
Suppose 3*l = 2*l - 3*s - 12, 3*l = s + 4. Suppose 5*w - t - 211 = -3*t, 3*w - 3*t - 114 = l. What is the remainder when w is divided by 22?
19
Suppose 4*k - 16 = 2*r, 4*k - 4 = 2*k. Let g = 17 + r. Let j = 88 + -63. What is the remainder when j is divided by g?
12
Let z = 55 - 29. Suppose -23*w = -z*w + 117. What is the remainder when 154 is divided by w?
37
Let u = -1774 + 1963. Calculate the remainder when u is divided by 11.
2
Let y be 25*-1 + (-15)/3. Let q = y + 45. Calculate the remainder when q is divided by 6.
3
Suppose -3*f + 209 = o, -3*f + 3*o = -6*f + 213. What is the remainder when f is divided by 18/(-1 - 7/(-4))?
21
Suppose 1 = a - 14. Let o = -15 + a. Suppose -z - z - 8 = o, 394 = 5*c - z. What is the remainder when c is divided by 27?
24
Let h = -132 + 149. Calculate the remainder when 62 is divided by h.
11
Let h = -61 + 63. Suppose 4*q - 71 = -i, 3*i - 34 = -h*q + i. Calculate the remainder when q is divided by 4.
2
Let m(q) = q + 20. Calculate the remainder when 230 is divided by m(9).
27
Suppose 5*n - 24 = -4, -4*n = 2*j - 48. Calculate the remainder when (-2)/55*-5 - (-951)/33 is divided by j.
13
Let p(o) = 2*o**2. Let f be p(-1). Suppose -f*c = 2*c - 68. Let j = 175 + -165. Calculate the remainder when c is divided by j.
7
Suppose 4*x = -1626 + 1954. Calculate the remainder when 161 is divided by x.
79
Let x(k) = -k - 1. Calculate the remainder when (104/(-24))/((-2)/18) is divided by x(-22).
18
Suppose -11 = -5*c - 3*t + 418, -3*c - 4*t = -253. What is the remainder when c is divided by 22?
21
Let v(z) = 0*z**2 + z**2 + 8*z + 0*z**2. Let f be v(-8). Suppose -2*c - 3*c + 95 = f. What is the remainder when 35 is divided by c?
16
Let o = -11 + 15. Calculate the remainder when -3 - (-24 + 12/o) is divided by 14.
4
Let a(g) = 7 - 2 - 2*g - g**2 + 14*g + 10. Let v = 1 + 10. Calculate the remainder when a(v) is divided by 7.
5
Let h = -1290 + 1318. Calculate the remainder when 304 is divided by h.
24
Suppose 5*w - 3*w = -3*x, -4*x = 2*w + 2. Let u be (-4)/3*(2 - 5). Suppose u*t = 54 - 18. What is the remainder when t is divided by w?
0
Let n = 124 - -258. Calculate the remainder when n is divided by 15.
7
Let l = -1 - -4. Suppose -4 = r + l*r, -r = j - 10. Let k = -719 - -738. Calculate the remainder when k is divided by j.
8
Let g = 43 + 41. Suppose -5*p + 4*j = -g, 4*p + 3*j = 26 + 35. Suppose 0 = q - 5*l - 21, -6*q - l + 189 = -2*q. Calculate the remainder when q is divided by p.
14
Let a = -236 - -277. What is the remainder when a is divided by 4?
1
Suppose 0*u - 2*u + 35 = -f, -4*f = -5*u + 86. Suppose 10*i - 3*i - 231 = 0. Calculate the remainder when i is divided by u.
15
Let x(j) = -j**2 - 35*j - 102. Calculate the remainder when 71 is divided by x(-30).
23
Let c(q) = 19*q + 1. Suppose 0 = -7*d + 130 + 143. What is the remainder when d is divided by c(1)?
19
Let q = 43 + -23. Suppose 4*b = 76 - q. Suppose -5*c + 4*g + 186 = 0, 3*c + 0*g = 2*g + 112. Calculate the remainder when c is divided by b.
10
Suppose -5*k = 4*n - 6*n - 1259, 0 = 3*n - 9. What is the remainder when k is divided by 16?
13
Let y(i) = i**2 + 7*i - 4. Let t be y(-6). Let x = 16 + t. Let z = 15 + 6. Calculate the remainder when z is divided by x.
3
Suppose -100 + 2 = -2*r. Calculate the remainder when r is divided by 10.
9
Let m be 14/35 + (-13)/(-5). Suppose -22 = m*l - 31. Let v(r) = 3*r + 3. Calculate the remainder when 21 is divided by v(l).
9
Suppose -7*m + 3*m - 8 = k, -3*k - 12 = 0. Let j be 26/8 - m/(-4). What is the remainder when 23 is divided by 6/9 + 37/j?
10
Let h = -14 + 5. Let f(n) = -7*n + 4. What is the remainder when f(h) is divided by (-2 - -29 - (-1 - -5))/1?
21
Let k = -2243 - -2254. Suppose 3*d + 117 = -18. Let j = d - -88. Calculate the remainder when j is divided by k.
10
Suppose -10*d - 19*d = -2407. Suppose 0 = 4*c - 4, -4*y + 6 = 5*c - 55. What is the remainder when d is divided by y?
13
Suppose 329*y - 327*y - 8 = 0. Calculate the remainder when 229 is divided by y.
1
Let r(c) = -9*c - 168. Calculate the remainder when r(-23) is divided by 11.
6
Let u be ((-12)/10)/(2/5). Let r(i) = -30*i - 149. What is the remainder when r(-6) is divided by 9 - (2 + -5)/u?
7
Let u(r) = r**2 + 0*r**2 - 3 + r + 1. Let w be u(-3). Suppose 0*d + 76 = w*d. What is the remainder when d is divided by 5?
4
Calculate the remainder when 5/15*-15 - -49 is divided by 16.
12
Suppose 0 = -19*j + 37*j - 2466. Calculate the remainder when j is divided by 85.
52
Suppose 939 + 978 = 27*o. What is the remainder when 990 is divided by o?
67
Let i be 1 - -17 - (-19 - -17). Let s(m) = m + 8. Let k be s(-5). Suppose l = k*a + 9 + i, 0 = -3*l - 2*a + 32. What is the remainder when l is divided by 5?
4
Suppose 5*v = 5*b + 325, 5*b = -19*v + 17*v + 151. Let r be -2 - (-1 + 0) - -39. Suppose r + 31 = 3*c. Calculate the remainder when v is divided by c.
22
Suppose -k - 2 = 3*c, 2*k - c = -5*c. Suppose -k*w - 27 = -103. Calculate the remainder when w is divided by 7.
5
Let q = 18 - 11. Let s(m) = m**2 - 29*m - 112. Calculate the remainder when s(33) is divided by q.
6
Let s(y) = y**2 + 2*y - 17. Let a be s(-8). Suppose 4*d + o - 74 = 0, -2*d + 4*o + 18 = -10. Let f = a - d. What is the remainder when f is divided by 5?
3
Let a(c) = -2*c**2 + 64*c - 46. Calculate the remainder when 255 is divided by a(31).
15
Let b(h) = -h**3 + 13*h**2 + 3*h - 30. Calculate the remainder when 14 is divided by b(13).
5
Let g(f) = 33*f**3 - 2*f**2 + 3*f - 1. Let y be g(2). Suppose 4*x + y = 7*x. What is the remainder when x is divided by 22?
21
Let d(j) = -j + 4. Let x(s) = 4*s - 16. Let h(g) = 9*d(g) + 2*x(g). Let v(l) = 26*l + 1. What is the remainder when v(1) is divided by h(-6)?
7
Suppose 2*t + 3*m = 670, -4*m - 19 = -27. Calculate the remainder when t is divided by 24.
20
Suppose 4*z = 4*p - 3*p + 77, -z - 5*p = -14. Suppose -2*v = -3*h - 103, -4*h + 3*h = 4*v - 227. What is the remainder when v is divided by z?
18
Let g(m) = 17*m + 4 + 10*m - m**2 - 20*m. Let u be g(7). Suppose u*d - 1 - 15 = 0. What is the remainder when 11 is divided by d?
3
Let a = 1305 - 1268. Calculate the remainder when a is divided by 23.
14
Let v(f) be the first derivative of 5*f - 1/2*f**2 + 2. What is the remainder when 46 is divided by v(-11)?
14
Let